 + ((-7)/14)/((-1)/(-6)). Let f be ((-4)/(-5))/((-1)/(-5)). Let x(s) = -3 - 3*s - 3*s**2 + 6*s**2 - f*s**2. What is x(k)?
-1
Let v(x) = 10*x**2 - 8 - 17*x + 8*x + 12*x**2 - 21*x**2 + 8*x. What is v(0)?
-8
Let f(j) = -j**2 - 4*j - 3. Let u = 9 - 6. Suppose -7*y - 5*c + 34 = -u*y, 0 = 3*y - c - 35. Suppose 4*z = 4*p + 36, 4*p + z = -0*z - y. Give f(p).
-3
Let x = 5 + -10. Let n = -5 - x. Let m(d) = d - 2*d**2 + 4*d**2 + n*d + d**2. Calculate m(-1).
2
Let k be 68/(-51)*(-2)/4*3. Let g(u) = 2 + 0 + 2*u**k - u**2 + 3 - 5*u. What is g(5)?
5
Suppose -y - 2*y = 0. Suppose -5*r + 10*r = y. Let n(m) = -m**2 - 1. Let w(q) = -4*q**2 - q + 1. Let z(o) = -5*n(o) + w(o). Calculate z(r).
6
Let s(d) = -6*d**2 + 53*d + 9. Let r = -1270 + 1279. What is s(r)?
0
Suppose 63 = 10*q - 3*q. Let r(s) = -s**2 + 8*s + 6. Give r(q).
-3
Let w be -4 + -1 - (-3 + 4). Let k(n) = 5 - 2 - 5 + 10 + 3*n. Determine k(w).
-10
Let x(j) be the third derivative of j**6/120 + 7*j**5/60 + j**4/3 + j**3 + 2*j**2. Suppose -7 = -4*h - 3. Let s be (3 + h + -10)*1. What is x(s)?
-6
Let k(x) = x**2 + 4. Let n(u) = 3*u**2 - u + 12. Let a(y) = 17*k(y) - 6*n(y). Let m be ((-24)/(-20) + 1 - 2)*(-4 - -24). Give a(m).
4
Let g(v) = -v**3 - 19*v**2 - 18*v - 6. Let r(a) = -5*a - 108. Let s be r(-18). What is g(s)?
-6
Let l(k) = 0 - 5*k - k**2 + 2 + 2*k. Suppose 2*s - 5 - 2 = -3*g, 0 = 2*g + 3*s - 3. Determine l(g).
-16
Let n(h) = -9*h - 4793*h**2 - 1 + 1 + 4795*h**2. Give n(6).
18
Let w be 4 - (-4)/(2 - -2). Suppose 0*q = -g + q - 3, -w*q = 2*g - 22. Let a(x) = -2*x + 4. Let i(m) = -m. Let p(c) = g*a(c) - 3*i(c). Determine p(-3).
1
Let z(w) = w - 10. Let p be z(3). Let i(b) = b**2 + 8*b - 6. Calculate i(p).
-13
Let k(s) = -7*s - 5. Let o(a) = 6*a + 13. Let n be o(-3). Give k(n).
30
Suppose 3*y - 5*j = 4*y + 13, j = 3*y - 9. Let u(i) = 3416*i**y + 8*i + 4 - 3415*i**2 - 1. Determine u(-6).
-9
Let z(m) = m**2 - 5*m - 11. Let i be z(7). Let x = -5 + 7. Let t(d) = 2*d**2 + 5. Let n(c) = -c**2 + c - 4. Let p(v) = i*n(v) + x*t(v). Give p(-3).
-2
Let j = -60 + 105. Let o(l) = -j*l**2 + 0*l + 46*l**2 - 5 - 3*l. What is o(4)?
-1
Suppose 70*t - 28*t + 378 = 0. Let j(h) = -h + 8. What is j(t)?
17
Let t(f) = -3*f + 4*f - 8*f**2 + f**3 + 12 - 2*f**3 - 7. Let z be 16*((-2)/(-8)*4)/(-2). What is t(z)?
-3
Suppose 32 = -0*f + 4*f. Suppose -2*h + f = -10*h. Let w(l) = 9*l + 1. Determine w(h).
-8
Let z be (-1 - 3)/(1 - -1). Let f(b) be the second derivative of -1/6*b**4 - 1/20*b**5 - 1/2*b**2 + 3*b + 1/6*b**3 + 0. Give f(z).
-3
Suppose 22 = 5*q + 6*q. Let y be ((q + 0)/2)/(3 - 4). Let c(b) = b - 1. Let h(a) = -7*a + 5. Let l(p) = 4*c(p) + h(p). What is l(y)?
4
Let q(p) = p + 1. Let i(n) = -n**3 + 4*n**2 - 2*n - 4. Let c be i(3). Let t = -3 + c. Let x = t - -5. Calculate q(x).
2
Suppose 2*d - 2*j = -8, -2 = 4*d + 4*j - j. Let h(f) = -f**2 - 40108*f**3 - 3 + 0*f + 40107*f**3 - 3*f. What is h(d)?
7
Let v(f) = -9*f**3 + 9*f**2 + 14*f - 6. Let l(t) = -11*t**3 + 9*t**2 + 14*t - 8. Let z(m) = 5*l(m) - 6*v(m). Determine z(-7).
-4
Let z(x) = -x**2 + 10*x - 2. Let r be z(9). Suppose 18 = -r*f + 10*f. Let g(l) = f*l + 1 - 6*l**2 + 2*l**2 + 3*l**2. What is g(6)?
1
Let i(n) = -n**3 + 6*n**2 + 8*n - 6. Let r be (-14)/(-77) - (-57)/(-11). Let k(p) = -p + 2. Let l be k(r). Give i(l).
1
Let k(g) = -3*g**3 - 12*g**2 - 14*g - 1. Let h be 4 + (-18)/(-1 - 5). Let o(z) = -4*z**3 - 18*z**2 - 21*z - 1. Let d(y) = h*k(y) - 5*o(y). Determine d(7).
-2
Let f(s) be the first derivative of s**2/2 - 2*s - 1. Let b(u) = -u**3 + 4*u**2 - 4. Let c be b(3). Suppose -5*p - 29 = 2*a - 3*a, -c*a = -2*p - 7. Give f(p).
-8
Let m(j) = -j - 2. Let q be (-9 - 120/(-16))*2. Give m(q).
1
Let y(q) = -q - 4. Let w be 6/27*21*6. Suppose -f + 5*r + w = f, 4*f - r - 20 = 0. Let b = f - 4. Give y(b).
-4
Let p(q) = -49*q - 2 + 113*q - 57*q. Give p(2).
12
Let j be 15/(-25) - (-26)/10. Let i be ((-2)/(-4))/(j/4). Suppose -i + 7 = -a. Let r(f) = f**3 + 7*f**2 + 4*f - 4. Determine r(a).
8
Let n(g) = g + 8. Let q be n(-7). Let h(f) = -2*f**3 + f - 7. Let z(j) = 0*j**3 + 1 - 3*j**3 - 2 + 2*j**3. Let y(b) = -h(b) + 6*z(b). Determine y(q).
-4
Let a be 1/5 + (58/10 - 0). Suppose -2*m + 2*g + 4 = a, -3*m - 4*g = 3. Let v(q) = 11*q**3 + q**2. What is v(m)?
-10
Let q = -374/3 + 126. Let i(t) be the first derivative of -1/4*t**4 - q*t**3 + 7/2*t**2 + 7*t + 6. Calculate i(-5).
-3
Let b(v) = 4*v**2 + 8*v - 8. Let x(t) = -5*t**2 - 10*t + 9. Let w(i) = -6*b(i) - 5*x(i). Suppose 21 = -y - 2*y - 5*a, -2*y + 11 = -5*a. Calculate w(y).
3
Let v = 18 - 9. Let a(h) = -12*h. Let o(f) = 7*f - 1. Let s(z) = 3*a(z) + 5*o(z). Give s(v).
-14
Let p(z) be the second derivative of -z**3/6 - 5*z. Let g(c) = -8*c - 5. Let v(f) = 8*f + 4. Let y(s) = 2*g(s) + 3*v(s). Let t(d) = 10*p(d) + y(d). Give t(-2).
6
Let j = 2194 + -2207. Let x(r) be the first derivative of -r**2/2 - 18*r + 3. Calculate x(j).
-5
Let i(k) = -k + 4. Suppose 4*f = 2*t - 24, 6*t - 9*t - 4*f = -6. Let a(w) = -2*w - w**2 + 3*w - 1 + 6*w. Let y be a(t). Give i(y).
-1
Let x be 2/7 - (63/(-49))/(-1). Let k(z) = 3*z**2 + 13*z - 15. Let l(u) = -u**2 - u + 1. Let r(d) = x*k(d) - 4*l(d). What is r(8)?
3
Let x(t) = -2*t + 1. Suppose 0 = -15*s + 45 - 15. Give x(s).
-3
Suppose 3 - 15 = 2*y. Let r(d) = d**3 - d**2 - d + 1. Let j(k) = -5*k**3 + 13*k**2 + 7*k - 13. Let w(n) = j(n) + 6*r(n). What is w(y)?
23
Let u(n) = -2*n**3 - 4. Suppose -4*f + 19 = -13. Let m(g) = -5*g**3 - g - 11. Let p(y) = f*u(y) - 3*m(y). What is p(-2)?
3
Let x = 208 - 205. Let l(i) be the first derivative of 4*i + 1/2*i**2 + 1/3*i**3 + x. Give l(0).
4
Let v be (3 - 1) + 5 + -3. Suppose -k - v*k + 65 = 0. Let y(g) = g - 13 + k. Give y(-3).
-3
Let i(v) = 71*v + 4. Let h(n) = -61*n - 4. Let w(q) = 7*h(q) + 6*i(q). Determine w(0).
-4
Let s(p) = p**3 - 7*p**2 - 8*p + 9. Let j be 4888/624 + 2/12. Give s(j).
9
Let n(z) = -z**2 + 1286*z - 1284*z + 0 - 2*z**3 - 3. Give n(3).
-60
Let b(y) = 3*y - 7*y + 2 - 4. Suppose 0 = 22*w - 25*w - 15. Give b(w).
18
Let x(d) = -20*d**3 + 2*d - 21*d**3 + 64*d**3 - 19*d**3 - 1. Determine x(1).
5
Let v(d) = -7*d**3 + 6*d + 5. Let t(m) = -15*m**3 + m**2 + 13*m + 11. Let l(y) = -6*t(y) + 13*v(y). Determine l(-6).
-1
Let o(t) = -7117*t + 0*t**3 - t**2 + 7119*t - 1 + 7*t**3. Give o(1).
7
Let l(u) be the third derivative of -u**5/120 + 7*u**4/24 - 5*u**3/2 + 16*u**2. Let j(a) be the first derivative of l(a). What is j(12)?
-5
Let d(s) = s**2 - 1. Let v(r) = 7*r**2 - 5*r - 2. Let x(f) = 6*d(f) - v(f). Suppose -2*u + u + 10 = -2*a, 3*a - 12 = 0. Suppose -4*n = -2 - u. Calculate x(n).
-4
Let j(r) be the first derivative of -2*r**3/3 + r - 6. Let y be 18/81 + 124/9. Let o = 12 - y. Calculate j(o).
-7
Let i(t) = t**3 + 5*t**2 + 4. Let o be (-12)/8*(-16)/12. Let h be 5*(-8)/(-20)*o. Suppose 3*a + 17 = -h*l, 0*l + 2*l + 12 = 2*a. Determine i(l).
4
Let d(t) = -t**3 + 8*t**2 + 11*t - 12. Let r = -44 + 53. What is d(r)?
6
Let f(j) be the third derivative of 0*j**3 + 4*j**2 + 1/60*j**6 + 0 + 0*j**4 + 0*j**5 + 0*j. Calculate f(1).
2
Let v(q) = -2179 + 4*q + 2166 + 0*q. Calculate v(4).
3
Let m(b) be the first derivative of 2*b + 10 - 2/3*b**3 - 1/2*b**2 + 3/4*b**4. Suppose 0 = 2*w - 3*g - 16, -3*w - 2 - 4 = 3*g. Give m(w).
16
Let g(j) be the first derivative of 1/2*j**2 + 1/3*j**3 - j + 1. Suppose 3*v - 9 = -3*o, 4*v - 44 + 16 = 4*o. Calculate g(o).
1
Suppose 4*r + 2*x + 2*x = 20, 5*x = 5*r - 15. Suppose f - 2*n = -0*f, r*n + 18 = -f. Let w(i) = i**3 + 6*i**2 + 3*i - 2. Give w(f).
-20
Let z(q) = -q**2 - 7*q + 3. Suppose d = 4*k + 28, 3*k - 5*d = 2*k - 7. Let u be z(k). Let c(y) = 75*y**2 - 2 - 81*y**2 + y**u + 1 + y. What is c(6)?
5
Let l(y) = -y - 1. Let v = 1 + 0. Let t be 6 - 2/v - 1. Determine l(t).
-4
Suppose -2*o + 4*b - 1 = o, -5 = -o - 4*b. Let d(t) = 6 - 8 - o + 3*t - 2. Determine d(4).
7
Let t(m) be the second derivative of -m**5/20 + 5*m**3/6 - 3*m**2 - 19*m + 1. Give t(4).
-50
Let a(q) = -5*q - 7 - 3 + 5 - q**2 - 7*q**2 + 2*q**2. Give a(-1).
-6
Let r(a) = -6 + 3*a + 0*a - 4*a**2 + 3*a + 5*a**2. Let g be r(-8). Let d(h) = -2 + g*h - 9*h - 2*h. Determine d(2).
-4
Let p be 4*(-2)/(-2)*15/(-12). Let b(r) = r**2 - 6*r - 6. What is b(p)?
49
Let x(s) = -8*s + 17*s + 3 + 4*s**2 - 17*s - 3*s**2. Determine x(9).
12
Let h(q) = q**2 + 7*q + 2. Let g be h(-7). Suppose -